 42. What is j(33)?
24
Let j(l) = l**3 - 14*l**2 + 2*l - 17. What is j(14)?
11
Let a(b) = -2*b + 13. Determine a(-5).
23
Let t(o) = o**3 - 15*o**2 + 15*o + 10. Determine t(14).
24
Let u(n) = 8*n + 71. Calculate u(-8).
7
Let r(f) = -f**3 - 19*f**2 + 42*f + 3. Determine r(-21).
3
Let t(x) = -x**3 - 6*x**2 + 3. Determine t(-3).
-24
Let u(g) = 3*g - 1. Calculate u(7).
20
Let p(t) = 7*t + 105. What is p(-19)?
-28
Let y(c) = 2*c + 13. Determine y(4).
21
Let w(x) = -x**3 - 6*x**2 - x. Determine w(-4).
-28
Let j(n) = 62*n + 35. Give j(-1).
-27
Let v(x) = x**2 + 28*x + 78. What is v(-23)?
-37
Let g(d) = 2*d**2 - 2*d - 9. Calculate g(-6).
75
Let o(t) = -2*t - 36. Determine o(-18).
0
Let m(s) = s**2 - 7*s + 11. Give m(7).
11
Let j(d) = -3*d - 15. Determine j(-7).
6
Let b(q) = 5*q**2 + q - 7. What is b(4)?
77
Let q(v) = 3*v**2 + 12*v + 8. What is q(-4)?
8
Let v(n) = n**3 - 19*n**2 + 2*n - 40. Determine v(19).
-2
Let l(t) = -t**3 - t**2 + 5*t + 4. Determine l(-3).
7
Let s(t) = -11*t + 3. Calculate s(8).
-85
Let c(k) = -18*k + 46. Give c(3).
-8
Let n(r) = 3*r**2 + 2*r + 4. Give n(3).
37
Let p(i) = -i + 15. Give p(1).
14
Let o(x) = -3*x**2 + 20. Determine o(6).
-88
Let x(w) = 30*w + 17. Calculate x(-3).
-73
Let g(r) = -8*r**3 + 3*r**2 - r - 1. Calculate g(1).
-7
Let b(h) = 11*h + 8. What is b(6)?
74
Let h(n) = 7*n**2 + 2*n - 3. Determine h(-3).
54
Let h(r) = -4*r - 12. Determine h(3).
-24
Let p(z) = -2*z**3 - 25*z**2 + 15*z + 30. Determine p(-13).
4
Let w(a) = -38*a + 62. Give w(2).
-14
Let i(k) = -7*k**2 + 35*k - 1. Give i(5).
-1
Let s(z) = -z**2 - 10*z - 11. Calculate s(-6).
13
Let i(f) = -f**2 - 2*f + 2. Give i(-5).
-13
Let w(q) = -6*q**2 - 7*q + 2. Determine w(1).
-11
Let f(w) = -15*w**3 + w**2 - 1. Determine f(1).
-15
Let d(l) = l**3 + 3*l**2 + 4*l + 4. Calculate d(-3).
-8
Let u(s) = 2*s + 26. Give u(-11).
4
Let u(y) = y**3 - 9*y**2 + 10*y - 4. Give u(8).
12
Let n(z) = -16*z - 222. Determine n(-13).
-14
Let c(f) = -f**3 + 21*f**2 + 18*f + 36. Calculate c(22).
-52
Let q(l) = -10*l**3 + l**2 + 3*l + 1. Determine q(-1).
9
Let b(p) = -p + 16. What is b(15)?
1
Let k(h) = 40*h - 366. Determine k(9).
-6
Let d(j) = 4*j**2 - 2*j - 16. Determine d(4).
40
Let l(d) = -2*d**2 + 29*d - 24. Determine l(13).
15
Let u(y) = -y**3 + 12*y**2 - 27*y + 6. Determine u(9).
6
Let o(h) = -h**2 + 3*h - 4. Give o(5).
-14
Let a(l) = l**3 + 4*l**2 - 13*l - 7. Calculate a(-6).
-1
Let i(a) = -2*a**3 - 2*a**2 + 3*a + 9. Determine i(3).
-54
Let w(n) = n**3 + 8*n**2 + 8*n + 4. Give w(-7).
-3
Let b(d) = -d**3 + 6*d**2 - 8*d. Give b(5).
-15
Let s(l) = -7*l - 13. Determine s(8).
-69
Let s(i) = i**2 - 11*i + 34. What is s(3)?
10
Let m(a) = -2*a**2 - 8*a + 4. Determine m(-6).
-20
Let d(q) = 10*q**2 - 6*q + 7. What is d(1)?
11
Let x(k) = 10*k**2 - k + 1. Give x(-2).
43
Let i(b) = -3*b**2 - 11*b - 13. What is i(-6)?
-55
Let u(t) = -t**3 - 5*t**2 - 5*t + 7. Determine u(-5).
32
Let c(z) = -z**3 + 11*z**2 + 10*z + 18. Give c(12).
-6
Let q(h) = -h**3 - 5*h**2 + 15*h - 1. Give q(-7).
-8
Let j(r) = 8*r**2 + 2*r + 2. What is j(-2)?
30
Let m(i) = -i**3 - 22*i**2 - 39*i + 16. Calculate m(-20).
-4
Let h(f) = -f**2 - 3*f + 4. Give h(-3).
4
Let r(s) = 2*s - 9. What is r(6)?
3
Let k(f) = 2*f - 15. What is k(7)?
-1
Let f(q) = 3*q**3 - 31*q**2 + 10*q + 1. Give f(10).
1
Let i(a) = -3*a + 11. What is i(0)?
11
Let k(p) = 2*p**3 + 37*p**2 + 17*p - 19. Determine k(-18).
-1
Let v(d) = -5*d - 29. Give v(-6).
1
Let x(j) = -36*j + 4. What is x(1)?
-32
Let v(r) = 4*r + 5. What is v(-3)?
-7
Let s(z) = -z**2 + z. What is s(-2)?
-6
Let z(c) = c**2 - 3*c - 1. Give z(3).
-1
Let p(r) = -r**3 - 7*r**2 - 3*r - 6. What is p(-5)?
-41
Let w(z) = z**3 + 10*z**2 - 26*z + 8. Give w(-12).
32
Let g(w) = 9*w**2 - w + 1. What is g(1)?
9
Let z(a) = a**3 - 4*a**2 - 12*a + 11. What is z(6)?
11
Let l(w) = 24*w - 412. Calculate l(17).
-4
Let m(t) = -5*t**2 - 46*t - 13. What is m(-10)?
-53
Let p(m) = 4*m**3 + m**2 + 2*m + 2. Give p(-1).
-3
Let x(q) = q**2 - 3*q - 546. Calculate x(-22).
4
Let s(x) = -x**3 + 16*x**2 + 18*x - 31. Give s(17).
-14
Let g(h) = -h**2 + 9*h + 10. Determine g(11).
-12
Let f(t) = 11*t + 73. What is f(-6)?
7
Let m(h) = -2*h**2 - 11*h + 20. What is m(-10)?
-70
Let x(c) = -26*c + 48. Give x(7).
-134
Let d(w) = -12*w**3 + 3*w**2. Calculate d(-1).
15
Let k(w) = -2*w + 13. What is k(-7)?
27
Let o(j) = j**3 - 9*j + 1. Give o(-3).
1
Let r(o) = -o + 11. Give r(0).
11
Let y(f) = -76*f + 462. Determine y(6).
6
Let n(p) = -2*p**3 - 27*p**2 - 15*p - 31. What is n(-13)?
-5
Let x(q) = q**2 - 14*q + 1. Determine x(14).
1
Let k(o) = o**2 + 2*o + 10. What is k(0)?
10
Let i(a) = a**2 - 2*a - 1. What is i(3)?
2
Let j(p) = -p**3 - 12*p**2 - 2*p - 13. Give j(-12).
11
Let m(s) = -6*s**2 - 3*s + 4. Determine m(2).
-26
Let r(p) = -2*p - 8. Determine r(0).
-8
Let i(q) = -5*q + 15. Calculate i(2).
5
Let n(g) = -16*g - 122. Calculate n(-8).
6
Let f(s) = -s**3 + 5*s**2 + 3*s + 11. Give f(5).
26
Let b(w) = -2*w - 16. Determine b(-10).
4
Let h(l) = l**3 - 4*l**2 + 2*l + 4. What is h(4)?
12
Let m(s) = -s**3 - 5*s + 3. Give m(0).
3
Let y(m) = -2*m**2 - 6*m - 6. Calculate y(-3).
-6
Let y(r) = r**3 + 4*r**2 - 8*r - 17. Give y(-5).
-2
Let b(x) = 2*x**2 - 18*x + 9. Determine b(9).
9
Let x(w) = -3*w + 3. Determine x(8).
-21
Let z(t) = -t**2 - 7*t - 10. What is z(-4)?
2
Let y(b) = -2*b - 1. Calculate y(-8).
15
Let w(t) = -t**2 + 22*t + 91. Calculate w(25).
16
Let j(i) = 3*i**2 - 9*i + 1. Calculate j(-4).
85
Let i(d) = -3*d**2 - 17*d + 155. Determine i(5).
-5
Let l(v) = 20*v - 6. What is l(2)?
34
Let g(d) = d**2 - 13*d + 5. Give g(12).
-7
Let o(d) = -3*d**2 - 15*d - 7. Calculate o(-4).
5
Let t(o) = 10*o - 5. Give t(-1).
-15
Let w(v) = -3*v**2 - 3. What is w(4)?
-51
Let n(g) = -g**2 - 2*g + 123. Give n(-12).
3
Let d(s) = -7*s - 1. What is d(3)?
-22
Let h(z) = -z**3 + z**2 + z + 7. What is h(0)?
7
Let g(o) = -20*o - 125. Give g(-7).
15
Let a(m) = -2*m - 16. Give a(-8).
0
Let m(q) = q**2 - 21*q + 76. What is m(17)?
8
Let v(f) = -2*f**3 - 6*f**2 - 6*f + 2. What is v(-2)?
6
Let p(b) = -19*b - 3. Give p(-2).
35
Let f(s) = s**2 - 4*s + 4. What is f(6)?
16
Let p(s) = s**2 - s - 1. Calculate p(3).
5
Let d(i) = -i**2 - 23*i - 77. What is d(-20)?
-17
Let g(f) = -f - 20. Calculate g(-12).
-8
Let w(z) = 10*z - 31. What is w(3)?
-1
Let h(g) = g**3 + 9*g**2 - 10*g + 135. Calculate h(-11).
3
Let l(u) = 9*u + 6. Determine l(-4).
-30
Let x(t) = -t**2 + 9*t + 4. Give x(5).
24
Let d(q) = -q + 2. What is d(1)?
1
Let t(h) = 198*h - 1586. Calculate t(8).
-2
Let x(l) = -l**3 + 4*l**2 + 12*l + 3. What is x(6)?
3
Let y(k) = -2*k + 44. Give y(23).
-2
Let s(d) = d**2 + 2*d + 34. What is s(0)?
34
Let y(x) = 15*x**2 + 4*x - 7. Give y(2).
61
Let v(b) = b**2 + 24*b + 114. Determine v(-18).
6
Let d(u) = -2*u**3 - 3*u**2 - u - 1. Give d(-2).
5
Let h(z) = z**3 + z**2 - 26*z + 1. Give h(5).
21
Let b(r) = 4*r**2 + 8*r - 32. Determine b(-4).
0
Let y(u) = u**3 + 4*u**2 + 6*u - 1. What is y(-4)?
-25
Let s(r) = 20*r - 193. Give s(9).
-13
Let x(t) = t**2 + 2*t + 7. Calculate x(-6).
31
Let f(j) = j**2 + 10*j - 154. Determine f(8).
-10
Let w(h) = -h**2 - 11*h + 38. What is w(-14)?
-4
Let x(q) = q**3 - 6*q**2 + 3*q. Determine x(3).
-18
Let w(a) = 3*a + 6. What is w(-5)?
-9
Let z(d) = 3*d + 4. Calculate z(-9).
-23
Let a(w) = -6*w - 21. Determine a(-2).
-9
Let i(j) = -j**2 + 15*j + 28. Give i(14).
42
Let w(f) = -19*f + 59. Give w(3).
2
Let z(b) = -b**3 - 7*b**2 - b - 5. What is z(-7)?
2
Let c(u) = -6*u - 27. Determine c(-6).
9
Let z(k) = 23*k - 1. What is z(2)?
45
Let s(w) = 3*w**3 + 2*w**2. What is s(-2)?
-16
Let w(i) = -2*i**2 + 38*i - 131. What is w(15)?
-11
Let f(k) = 8*k**2 + k - 1. Determine f(2).
33
Let x(r) = 45*r + 5. Determine x(2).
95
Let u(n) = n**2 - 3*n + 9. Determine u(4).
13
Let j(y) = -y**2 - y + 100. Give j(0).
100
Let i(a) = -a**3 - 7*a**2 + 8*a - 2. Determine i(-8).
-2
Let i(h) = 60*h - 170. Calculate i(3).
10
Let r(i) = i**2 + 29*i - 40. Determine r(-29).
-40
Let k(g) = -9*g - 44. Calculate k(4).
-80
Let r(q) = 8*q - 4. Calculate r(-6).
-52
Let u(g) = 2*g - 86. What is u(33)?
-20
Let c(w) = -w**3 + 2*w**2 + 3*w + 8. Calculate c(3).
8
Let w(a) = 7*a - 113. Determine w(20).
27
Let h(b) = b**3 - 3*b**2 + b - 6. Determine h(2).
-8
Let r(q) = -8*q - 86. Give r(-12).
10
Let k(l) = -l**